 k = 244 - m. Let g(a) = a**2 - a + 2. Give g(k).
2
Let t(z) = 7*z**3 - 5*z**2 - z + 2. Let j(x) = -215*x + 1722. Let b be j(8). Determine t(b).
36
Let c(q) = 14177*q**2 - 4 - 28319*q**2 + 14160*q**2 + q**3 - 3. Calculate c(-18).
-7
Let r(s) = -s**3 - 3*s**2 - s + 4. Suppose j - t - 38 = 92, 0 = -5*t + 5. Let m = 128 - j. Determine r(m).
7
Let a(u) = 2*u**3 + 3*u - 10. Let i be a(-5). Let s = -270 - i. Let h(j) = j**2 - 7*j. What is h(s)?
-10
Let j(s) be the third derivative of s**5/30 - 29*s**4/24 + 2*s**3 - 4610*s**2. Determine j(13).
-27
Let o(a) = a**3 + 24*a**2 - a - 23. Suppose -2*p - 12 = m, 17*p - 78 = 3*m + 16*p. Determine o(m).
1
Let m(p) = -p**3 + 1. Let r(d) = 7*d**3 - 2*d**2 + d - 1. Let q(i) = m(i) + r(i). Suppose 10 - 30 = -20*z. Determine q(z).
5
Let n(v) = -v**3 - 15*v**2 - 16*v - 65. Let q be n(-10). Let y = q - -402. Let m(p) = -p**2 - 3*p + 4. Calculate m(y).
4
Let s(j) = -2*j - 8. Let y(u) = 3*u - 26. Let q(l) = -3*s(l) + y(l). Determine q(-3).
-29
Let j be 124 + -105 - (-58)/(-2). Let w(m) = -m**3 - 8*m**2 + 19*m - 15. Calculate w(j).
-5
Let z(w) be the third derivative of 0*w + 0 - 25/6*w**3 + 1/6*w**4 - 279*w**2. What is z(8)?
7
Let d(l) = 16*l - 3. Let b(m) = 18*m - 3. Suppose -7*k + 47 - 5 = 0. Let p(x) = k*b(x) - 7*d(x). Determine p(5).
-17
Let p = 2861 + -2881. Let c(v) = -9*v - 184. What is c(p)?
-4
Let o(n) = -17*n - 19. Suppose -a - 12 = 2*c, a + 5 = 2*c - 3*c. Let m(y) = 20*y + 19. Let i(d) = c*o(d) - 6*m(d). Give i(0).
19
Let s = -917 + 1290. Suppose 0 = 10*k + s - 403. Let o(v) = 4*v - 3 - 2*v - v**3 - 3*v + 4*v**2. Give o(k).
3
Let s(w) = -23*w - 31. Let v(a) = 32*a + 47. Let j(t) = 7*s(t) + 5*v(t). What is j(-7)?
25
Let w(n) be the third derivative of -n**4/4 + 43*n**3/6 + 2411*n**2. What is w(6)?
7
Suppose 0 = -5*h - 2*d + 5, 0 = 2*h - 2*d - d - 21. Let p(i) = -i - 500*i**2 + 4*i**3 - i**3 + 503*i**2 - 4*i**h. Determine p(2).
2
Let k(j) = -6*j + 2. Let c(s) = 4*s**3 - 6*s**2 - 3*s. Let h be c(2). Suppose 25*f = 24*f + h. Calculate k(f).
-10
Let c(m) = -6*m + 2. Let u(v) = v**3 - 4*v**2 + 4*v - 4. Let w be u(3). Let s be w*2/((-8)/4). Let q be c(s). Let n(l) = l**2 + 3*l + 2. Determine n(q).
6
Let z = -196 + 198. Let q(s) = z + 2 + 9*s + s - 12*s. Calculate q(-7).
18
Let p(q) be the third derivative of q**4/12 - 5*q**3/3 + 16*q**2 - 3. Calculate p(-3).
-16
Let d(l) = 7*l + 87. Let y(j) = -8*j - 90. Let x(r) = -7*d(r) - 6*y(r). Determine x(0).
-69
Let b = 29557 - 29567. Let d(y) = 90*y + 902. Give d(b).
2
Suppose -107*f - 29 = -20 + 205. Let u(i) = -i**3 - i**2 + 5*i - 2. Calculate u(f).
-8
Let l(k) = -2*k - 20. Let r(f) = 9*f + 108. Let t(p) = -5*l(p) - r(p). Suppose 24 + 1 = -5*d, 0 = -5*x - 4*d - 20. Give t(x).
-8
Let j(l) = -112 + 2*l + 280 - 117 - 95. What is j(8)?
-28
Suppose -12*l + 4 = -16*l + 5*q, q = -5*l - 5. Let u(h) = 2*h**2 + h. Calculate u(l).
1
Let i be (0 - 3)*(-14)/(-21). Let y be 87/27 - (1 + (-14)/18). Let m(v) = -3*v**2 - 2 - y*v + 38*v**3 + v - 41*v**3. Give m(i).
14
Suppose -197*i - 1545 = -363. Let r(j) = 39*j + 227. Give r(i).
-7
Let l be 15/(-12)*1024/(-160). Let g(h) = 13*h - 121. What is g(l)?
-17
Let b(o) = -o - 4. Let p = -78 - -107. Suppose p = -24*c - 43. Give b(c).
-1
Let u(i) be the first derivative of 2*i**3/3 + 9*i**2 - 19*i - 589. Calculate u(-13).
85
Let f(x) be the second derivative of -x**5/20 - 5*x**4/6 + 3*x**3/2 - 8*x**2 - 5947*x. What is f(-11)?
6
Let q = -36 - -37. Let m be -1 + 5 - (q - 3). Let r(y) = -y**2 + 7*y + 7. Determine r(m).
13
Let a(z) = 3*z**3 - 12*z**2 - 58*z + 6. Let u(d) = d**3 - 4*d**2 - 20*d + 1. Let w(l) = 3*a(l) - 8*u(l). Calculate w(7).
59
Suppose -39*r + 624 = -195. Let v(q) = -q**2 + 20*q + 5. Determine v(r).
-16
Suppose u - 2*p = 4, u - 21*p - 13 = -22*p. Let r(v) be the third derivative of -v**5/60 + 11*v**4/24 - v**3 + 4*v**2. Calculate r(u).
4
Let c be ((-1)/2)/((-1)/(-14)). Let r(m) = 5*m - 9. Let i(y) = 13*y - 3 - 11*y + 8 - 5*y. Let g(k) = -7*i(k) - 4*r(k). What is g(c)?
-6
Let k be (5/10)/((1 - -1)/4). Let j be -5 - -8 - (2 + -1)/k. Let v(z) = 7*z**2 - 1 + z**2 + z**j - 7*z**2. Determine v(-2).
7
Suppose -2*b = -6*b + 4*a + 12, b + 9 = -3*a. Let c(i) = -i - 5. What is c(b)?
-5
Let z(t) = t**3 + 7*t**2 - 11*t - 10. Let r(m) = 164*m - 5584. Let p be r(34). Calculate z(p).
14
Let u(s) = 2*s**2 - 11*s + 5. Let r(g) be the first derivative of g**3 + 7*g**2 + 2*g + 21. Let o be r(-5). What is u(o)?
26
Let g be (-4)/(-6)*6*(2 + -3). Let b(a) be the first derivative of -a**4/4 - a**3/3 + 5*a**2/2 - 273. Calculate b(g).
28
Let a(r) be the first derivative of -5*r**2/2 + 18*r - 209. Give a(4).
-2
Suppose -2*c - b + 2 = -14, 0 = 3*c - 5*b - 24. Let k(s) = s + 1. Let n be k(2). Let i(q) = 13*q - 6 + n*q - q**2 - 7*q. What is i(c)?
2
Let s(n) be the first derivative of -3*n**2/2 - 16*n - 1. Suppose -1876*o - 17067 - 15889 = -10444. What is s(o)?
20
Suppose 2*s + 2*s = t + 2, 5*s + 29 = -4*t. Let l(r) = 10 + 0 + 12*r - 10*r - 7 + 0. Give l(t).
-9
Let p(k) = -7*k - 143. Let c be p(-19). Let i be ((-2)/c)/((-120)/25 - -5). Let b(f) = 23*f**3 - f. Determine b(i).
22
Let q(g) = 91*g - 81*g - 2*g + 66. Calculate q(-8).
2
Let l(x) = x**2 + 5*x + 4. Let h = -89 + 173. Let f = 81 - h. Determine l(f).
-2
Let f(m) = m**2 - m. Let r(j) = j**3 + 8*j**2 + j. Let t = 285 - 288. Let v(l) = t*f(l) + r(l). Give v(-4).
0
Let f(d) = 111 + 184*d**2 - 577*d**2 + 389*d**2 - 218*d. What is f(-55)?
1
Let t(k) be the second derivative of -k**3/3 - k**2/2 + 12*k + 45. Let d(o) = -o**2 + 5*o + 7. Let c be d(6). Give t(c).
-3
Let i(f) = f**3 + 5*f**2 - 8*f - 6. Let o be 2860/35 - 8/28*-1. Let g = o - 88. Determine i(g).
6
Let u(l) = l**3 - 7*l**2 + 3*l - 17. Let v = 32 + 54. Let m = -79 + v. Calculate u(m).
4
Let k(h) be the first derivative of 21 + 0*h - 11/2*h**2. Give k(-3).
33
Let m(y) = 26*y + 21. Let x(p) = 8*p + 6. Let z(b) = -m(b) + 3*x(b). Give z(0).
-3
Let t(k) = 5*k - 10. Let g(r) = -60*r + 172. Let a be g(3). Determine t(a).
-50
Let u(d) = 55*d - 4 - 21*d - 25*d - 13*d - d**2. What is u(-3)?
-1
Let l(w) = 1971 + 1974 + 3*w - 5914 + 1968. Give l(10).
29
Let m(h) be the second derivative of h**5/20 + 5*h**4/12 + h**3/6 - 5*h**2/2 + 99*h - 2. Give m(-3).
10
Let w(h) be the third derivative of -h**5/60 - h**4/8 - h**3/6 - 51*h**2 - h + 46. Suppose -z + 5*z = 0. Suppose z = -m + 3*m + 4. Calculate w(m).
1
Let t = 4917 + -4958. Let g(y) = -6*y - 243. Determine g(t).
3
Let s = -11 - -13. Let n(j) = s + j**3 + 4*j**2 - 3 + 2*j**3 + 3*j - 2*j**3. Suppose -3*g + 28 = -4*i, 2*i - i + 12 = 2*g. Determine n(i).
-13
Let n(o) = o**3 + 21*o**2 - 22*o + 3. Let m be (40600/(-63))/29 - 10/(-45). What is n(m)?
3
Let o(l) be the third derivative of -1/24*l**4 - 15*l**2 + 1/120*l**5 + 0 + 0*l + 19/6*l**3. Let p(a) be the first derivative of o(a). What is p(9)?
8
Let o(b) = -2*b**3 + 23*b**2 + 7*b - 19. Let r(s) = s + 464*s**3 - 4*s + 10 - 11*s**2 - 463*s**3. Let n(k) = -2*o(k) - 5*r(k). What is n(9)?
-3
Let a(p) = -p**3 + 11*p**2 - 9*p - 5. Let y(j) = j**2 - 53*j + 195. Let m be y(48). Let h be (-5)/15 + 3*(-155)/m. Give a(h).
5
Let m(v) = -v**2 - 7*v + 14. Suppose -3*y - 65*w = -68*w + 24, 0 = y - 3*w + 8. What is m(y)?
6
Let q(n) = n**2 + 15*n - 12. Let o(c) = 46*c**2 - 325*c + 8. Let j be o(7). Give q(j).
-38
Let z(s) be the second derivative of s**5/10 - s**4/3 - s**3/3 + 7*s**2/2 + 1500*s. Calculate z(3).
19
Let w = 8534 + -8538. Let n(p) = -p**3 - 3*p**2 - 9. Calculate n(w).
7
Suppose 3*d + 8*n - 3*n - 9 = 0, 9 = 3*n. Let i(g) be the third derivative of -g**5/20 - g**4/24 + g**3/3 - 1345*g**2. Give i(d).
-8
Suppose 0 = 2*c - 0*c + 3*l - 215, -5*c + 532 = 2*l. Let g(h) = -95*h - c*h + 199*h + 1. Calculate g(-3).
7
Let n(l) = -l**3 - 5*l**2 + 5. Let w(g) = -5*g - 3. Let k be w(-4). Suppose 44 = -k*o - 41. What is n(o)?
5
Let k(s) = -s**2 + 2*s**2 + 0*s**2 + s. Let m = -744 - -535. Let z be 48/22 - (-38)/m. Give k(z).
6
Let u(l) = 3*l**2. Let a(t) = 2*t - 36. Let j be (-10)/30 - 61/(-3). Let c be a(j). Let v be c/(-4) + 3 - 4. Calculate u(v).
12
Let t(g) = g**3 - 2*g**2 - 8*g - 20. Let i(p) = -2*p**2 + 71*p - 274. Let v be i(31). Determine t(v).
15
Let n(y) = -3*y + 1. Let w(d) = -2*d**3 + d**2 + 15*d - 6. Suppose 0 = -23*f + 29*f + 6. Let q(r) = f*w(r) - 5*n(r). What is q(-1)?
